 i(-8)?
-17
Let y(w) = -9*w**3 + 483*w**2 + 623*w + 2059. Calculate y(55).
24
Let k(a) = 392*a**2 + 310*a - 9. Calculate k(0).
-9
Let r(l) = 18351*l + 862451. Give r(-47).
-46
Let f(r) = 44235*r + 309848. Determine f(-7).
203
Let d(p) = 24*p**3 + 285*p**2 + 29*p - 28. Give d(-12).
-808
Let b(s) = -8276*s + 16554. What is b(2)?
2
Let q(w) = 3262*w + 217097. Give q(-66).
1805
Let b(w) = -18*w**3 + 71*w**2 - 43*w + 42. Determine b(-6).
6744
Let t(c) = 30*c**2 + 159*c - 2367. What is t(-12)?
45
Let r(b) = 37*b**3 + 5*b**2 + 839*b + 2523. Give r(-3).
-948
Let z(a) = -137*a**2 + a - 4751. Determine z(0).
-4751
Let z(d) = 652396*d - 19571878. Calculate z(30).
2
Let b(y) = -9523*y**2 - 28561*y. What is b(-3)?
-24
Let w(h) = -390044*h + 390076. What is w(1)?
32
Let g(j) = -223*j**2 - 11600*j + 62. Determine g(-52).
270
Let m(h) = -63*h**2 + 95*h - 107. What is m(6)?
-1805
Let l(y) = -y**3 + 654*y**2 + 2476*y + 102525. Determine l(658).
-123
Let a(r) = -312*r**2 - 39904*r + 4101. Calculate a(-128).
5
Let r(f) = f**2 + 554*f - 51459. Give r(81).
-24
Let a(o) = 12*o**2 + 142*o - 331. Calculate a(-14).
33
Let l(q) = -10*q**2 - 1146*q + 2327. What is l(2)?
-5
Let l(n) = -15926*n - 22981226. Determine l(-1443).
-8
Let m(h) = -43*h**2 + 36. Calculate m(5).
-1039
Let x(i) = 141*i**2 + 76534*i - 15750. Calculate x(-543).
-3
Let b(g) = -g**2 + 1022*g + 124789. What is b(-110)?
269
Let u(w) = 314*w - 65315. Give u(208).
-3
Let x(d) = d**2 + 3615*d + 7218. Give x(-2).
-8
Let b(p) = -p**3 + 30*p**2 - 174*p + 3996. Give b(28).
692
Let t(l) = 5*l**2 - 940*l - 1702. Calculate t(190).
198
Let v(q) = -3440*q + 24114. Give v(7).
34
Let a(c) = 763*c + 32048. Calculate a(-42).
2
Let q(c) = 24799*c - 6894123. Calculate q(278).
-1
Let c(r) = -2*r**3 - 26*r**2 - 2166*r - 33395. Give c(-15).
-5
Let b(w) = -1009*w + 9711. What is b(10)?
-379
Let m(t) = -3*t**3 - 364*t**2 - 549*t - 51855. Calculate m(-121).
-67
Let m(i) = i**3 + 64*i**2 - 518*i. What is m(0)?
0
Let r(x) = -32*x**2 - 22080*x + 88828. Give r(4).
-4
Let n(z) = 6*z**2 + 608*z - 4908. Calculate n(8).
340
Let l(y) = 84*y**2 - 9156*y - 9. Give l(109).
-9
Let k(o) = o**2 + 179*o - 11729. What is k(51)?
1
Let b(v) = 4*v**2 + 33591*v + 1270694. What is b(-38)?
12
Let s(k) = 10*k**3 - 210*k**2 + 1060*k + 6. Determine s(6).
966
Let m(c) = -78*c**2 - 769*c + 3. What is m(-12)?
-2001
Let y(v) = 87495*v - 2012394. Determine y(23).
-9
Let t(m) = -m**2 - 48*m + 34704. What is t(-213)?
-441
Let k(c) = -112*c**2 + 254*c - 56. What is k(2)?
4
Let f(x) = 532*x**2 + 31921*x + 35. Determine f(-60).
-25
Let m(x) = -x**2 + 28261*x + 2750722. Determine m(-97).
-4
Let l(b) = 1395974*b - 8375838. Calculate l(6).
6
Let p(x) = 9320*x - 110492. Give p(12).
1348
Let d(f) = -f**2 - 103*f - 1457. Give d(-15).
-137
Let v(q) = 58*q**2 + 9908*q - 1712. What is v(-171)?
-2
Let w(m) = 5112*m - 429475. Give w(84).
-67
Let d(p) = 7*p**3 + 128*p**2 + 156*p + 2117. Calculate d(-18).
-43
Let j(n) = 13*n**2 + 3869*n + 9383. Calculate j(-295).
-647
Let r(m) = -5*m**2 - 497*m - 444. Calculate r(-100).
-744
Let h(u) = 77*u**2 - 702*u + 254. What is h(9)?
173
Let v(n) = -38177*n + 8780709. What is v(230)?
-1
Let x(r) = -3*r**3 - 5460*r**2 + 5452*r - 20032. Give x(-1821).
-1
Let n(s) = -s**3 - 180*s**2 + 656*s + 19571. Give n(-183).
-10
Let y(j) = 126*j**3 - 57*j - 117. Give y(-2).
-1011
Let d(o) = 4548*o - 905057. Determine d(199).
-5
Let c(i) = i**3 - 329*i**2 - 3733*i - 2376. Determine c(340).
4
Let d(z) = -15055*z - 737590. What is d(-49)?
105
Let u(o) = 13*o**3 - 2134*o**2 + 324*o + 665. What is u(164)?
9
Let s(h) = h**3 + 300*h**2 + 18797*h + 3793. What is s(-211)?
-5
Let s(u) = 3904*u - 7810. What is s(2)?
-2
Let o(i) = 10*i**2 + 683*i - 19524. Calculate o(-90).
6
Let q(f) = -18*f**3 - 1907*f**2 - 103*f - 22163. Calculate q(-106).
-9
Let s(p) = -32101*p + 321020. Calculate s(10).
10
Let j(s) = -1413725*s - 2827454. Determine j(-2).
-4
Let x(r) = -7922*r - 30861. Determine x(-4).
827
Let f(r) = -78*r**2 + 3266*r - 6539. What is f(2)?
-319
Let x(h) = 37*h**2 + 4412*h + 8685. Determine x(-2).
9
Let x(n) = -12*n - 2740. Calculate x(-198).
-364
Let s(p) = -3*p**3 - 1124*p**2 + 2643*p + 1466. What is s(-377)?
-42
Let y(m) = m**2 - 35*m + 47. What is y(-11)?
553
Let y(b) = b**3 - 97*b**2 - b + 180. Determine y(97).
83
Let z(u) = -2*u**2 - 18*u - 76. Give z(-10).
-96
Let h(d) = 6087*d + 30432. Calculate h(-5).
-3
Let d(c) = -1042*c + 14128. Calculate d(15).
-1502
Let o(h) = h**3 + 12*h**2 - 1488*h + 15710. Determine o(23).
1
Let n(v) = -2009*v - 46180. Give n(-23).
27
Let q(d) = -1157*d**3 + 2*d**2 + 134*d - 135. Give q(1).
-1156
Let r(t) = 3*t**2 + 340*t - 1770. Determine r(-118).
-118
Let q(g) = 1742*g**2 - 57481*g - 82. Determine q(33).
83
Let d(n) = 2219*n - 2321. Give d(1).
-102
Let k(u) = -3*u**3 - 4502*u**2 - 7501*u - 8977. Give k(-1499).
17
Let q(a) = -8046*a - 272736. What is q(-34)?
828
Let i(n) = 634*n + 1997. Calculate i(-3).
95
Let q(f) = -6768*f + 101456. What is q(15)?
-64
Let s(z) = -z**3 + 311*z**2 + 3289*z - 25360. Give s(321).
-1
Let l(o) = -1283*o + 71830. Calculate l(56).
-18
Let l(h) = h**3 - 224*h**2 - 9059*h + 15. Give l(-35).
-195
Let w(q) = 3384*q + 12906. Determine w(-4).
-630
Let m(l) = 6*l**2 - 708*l + 20583. Give m(52).
-9
Let t(w) = w**3 + 21*w**2 - 3630*w - 2134. Determine t(51).
8
Let z(k) = -62*k**2 + 27281*k - 433. Calculate z(440).
7
Let u(w) = 39983*w - 39976. Determine u(1).
7
Let l(u) = 3*u**3 - 44*u**2 - 463*u - 217. Calculate l(22).
245
Let p(v) = -19*v - 9298. What is p(-476)?
-254
Let w(c) = -1627*c + 270073. Give w(166).
-9
Let a(i) = 12*i**2 - 165*i + 1283. Calculate a(8).
731
Let i(r) = -35*r**2 + 55*r + 246. Calculate i(-2).
-4
Let r(n) = -4*n**3 + 306*n**2 - 159*n + 151. What is r(76)?
-381
Let g(d) = -37011*d - 2516760. What is g(-68)?
-12
Let d(m) = -2*m**2 + 260*m - 4278. Give d(108).
474
Let g(t) = -t**3 + 108606*t + 325809. Give g(-3).
18
Let q(b) = 3548*b + 163161. Give q(-46).
-47
Let x(s) = 493*s**3 - 29075*s**2 - 711*s + 171. Give x(59).
-6
Let c(p) = -2*p**3 + 13*p**2 - 22*p - 85. What is c(4)?
-93
Let x(j) = 14*j**2 - 2533*j - 5255. Determine x(183).
52
Let m(h) = h**3 + 238*h**2 - 1458*h + 1473. Determine m(-244).
9
Let t(z) = -z**3 + 418*z**2 - 26519*z - 383. What is t(340)?
-43
Let p(j) = 2*j**3 + 27*j**2 + 102*j - 392. Calculate p(-13).
-1549
Let a(o) = 8*o**3 - 277*o**2 + 434*o - 117. What is a(33)?
48
Let y(u) = 120*u - 10435. Give y(88).
125
Let s(g) = -5*g**3 - 286*g**2 + 236*g + 5. Give s(-58).
-227
Let v(u) = 2*u**3 + 76*u**2 - 614*u - 23331. Determine v(-38).
1
Let b(c) = c**2 + 12490*c + 4201823. Calculate b(-346).
-1
Let u(k) = -k**3 + 47*k**2 + 2637*k - 3905. What is u(-34)?
73
Let z(r) = r**3 - 53*r**2 + 9*r - 269. Calculate z(53).
208
Let z(d) = -31*d + 229. Give z(-28).
1097
Let f(h) = -h**3 + 8*h**2 - 872*h - 5321. Calculate f(-6).
415
Let h(p) = p**2 + 213*p + 6741. Calculate h(-174).
-45
Let q(i) = -4*i**3 + 244*i**2 - i + 287. Calculate q(61).
226
Let t(j) = 31*j**3 - 3*j**2 - 758*j - 1. What is t(5)?
9
Let v(q) = 17132*q - 205601. Calculate v(12).
-17
Let c(o) = -703*o + 5476. Determine c(13).
-3663
Let q(c) = 6*c**3 - 503*c**2 - 149*c + 5661. Determine q(84).
201
Let t(n) = 17539*n - 192918. What is t(11)?
11
Let d(h) = 6*h**3 - 76*h**2 + 263*h - 5. Give d(6).
133
Let c(t) = -188*t - 1426. Determine c(-7).
-110
Let t(n) = -66*n**2 - 1516*n + 5205. Give t(-26).
5
Let k(i) = i**3 + 29*i**2 - 361*i - 369. Determine k(-38).
353
Let m(n) = -11747*n - 2173201. Calculate m(-185).
-6
Let x(z) = 27*z**2 - 1006*z - 5716. What is x(-5)?
-11
Let o(c) = -7*c**2 + 15*c + 6215. Determine o(31).
-47
Let w(o) = -o**3 - 20*o**2 - 6*o + 370. Determine w(-18).
-170
Let o(s) = 2*s**3 + 572*s**2 - 207*s - 59180. What is o(-286)?
22
Let u(j) = -j**3 + 400*j**2 + 18013*j + 29987. What is u(441)?
-1
Let r(z) = -8*z**2 + 116*z + 11597. Give r(46).
5
Let g(v) = -5*v**3 - 3*v**2 + 37*v - 11. Give g(-3).
-14
Let u(v) = 8*v**2 + 2284*v + 15620. Give u(-7).
24
Let m(z) = z**3 + 151*z**2 + 1317*z - 31229. Calculate m(-140).
-9
Let g(r) = 6527*r - 39049. Give g(6).
113
Let x(j) = 3933*j + 27495. What is x(-7)?
-36
Let y(x) = -93884*x + 469424. Determine y(5).
4
Let o(v) = 2*v**2 - 410*v + 12401. Give o(37).
-